 = -5*l. List the prime factors of v.
2, 3, 11
Let y(t) = -2*t**3 - 8*t**2 - 12*t - 45. List the prime factors of y(-13).
3, 1051
Suppose -8 = -3*q + 4. List the prime factors of 1 + 102/10*(1 + q).
2, 13
Suppose 4*b + 72 = -168. Let k = -28 - b. Suppose -87 = -5*u - k. List the prime factors of u.
11
Let w = 518 - -851. What are the prime factors of w?
37
Suppose -7*x = -17 - 11. Suppose -v - 370 = -5*a + 4*v, x*v = -2*a + 130. What are the prime factors of a?
71
Let m be (-1)/(1/(-264)*-4). Let f = m + 214. List the prime factors of f.
2, 37
Suppose -46 = -l - 2*r, 5*l - 60 = -5*r + 170. Let b = l + -1. List the prime factors of b.
3, 5
Let k = 138 - -317. Suppose 0 = 16*a - 11*a - k. What are the prime factors of a?
7, 13
Suppose 5*q + 758 - 7063 = 0. What are the prime factors of q?
13, 97
Let l(u) be the second derivative of u**3/6 + 3*u**2/2 + 3*u. Let s be l(-6). List the prime factors of (-31)/(s/3) - 0.
31
Suppose j - 9 - 132 = 0. Suppose j = 5*l - 129. What are the prime factors of l?
2, 3
Suppose m = -3*m + 80. Suppose m = j + j. Suppose 3*s = 32 + j. List the prime factors of s.
2, 7
Let c = -9 - 17. Let a = -18 - c. Suppose 2*m + 0*m = a. List the prime factors of m.
2
List the prime factors of -4 - 1 - (1*-478 - 4).
3, 53
Suppose -5*h - 5*k + 25 = 0, 3*k + k = 0. Suppose 7*y = h*y - 38. What are the prime factors of (-1 + y)/(-3 + 1)?
2, 5
Let j(p) = -4*p**3 + p + 1. Let r be j(-1). What are the prime factors of 499/r - (-54)/(-72)?
2, 31
What are the prime factors of (-2*(-106 - 0))/((-2)/(-13))?
2, 13, 53
Let h(b) be the first derivative of b**4/4 + 7*b**3/3 + 3*b + 5. Let y be h(-7). Suppose 2*i = -y*i + 55. List the prime factors of i.
11
Let y(s) = -s**3 - 21*s**2 - s + 99. What are the prime factors of y(-23)?
2, 5, 59
Let o(r) = -1 + 7 - 5 - 4*r**2 + 2*r**2 - 3*r**3. What are the prime factors of o(-2)?
17
What are the prime factors of (-51120)/(-52) + 9/(-117)?
983
Let p(b) = -11*b - 1. Let x be p(-5). Let o = x + -28. Suppose o + 25 = 3*n. What are the prime factors of n?
17
Suppose 0 = -5*x - 2*y + 2995, 0 = 2*x - 5*y - 1059 - 168. What are the prime factors of x?
601
Let y be 26 - 6 - (0 + -1). Let k(h) = 3*h - 3. Let a be k(-3). Let u = a + y. List the prime factors of u.
3
Let c(k) be the second derivative of k**5/20 - k**3/3 + 3*k**2/2 - 11*k - 3. Let q be 1 - (-2 + -2 + 2). What are the prime factors of c(q)?
2, 3
Let f(i) = -40*i**3 + 5*i**2 - 3*i - 6. List the prime factors of f(-2).
2, 5, 17
What are the prime factors of (-2)/(-5) + (-14212)/(-20)?
3, 79
Let f(d) = 8*d + 8. Let y(r) = 9*r + 9. Suppose 7*x = 2*x + 30. Let j(k) = x*y(k) - 7*f(k). List the prime factors of j(-7).
2, 3
Suppose 0*o - 5*o + 2615 = 0. Suppose -8*k + o = -245. List the prime factors of k.
2, 3
Suppose 5*m - 3 = 4*m. What are the prime factors of (-8)/24 - (-304)/m?
101
List the prime factors of ((-1401)/4)/(0 + (-9)/12).
467
Let n = 225 + -142. List the prime factors of n.
83
Suppose -5*b = -5*s - 20, 2 + 2 = -b - s. List the prime factors of 144/5 + (1/5 - b).
29
Let f = 12 - -11. Let v = f + -6. What are the prime factors of v?
17
Let v(z) = z**3 - 15*z**2 + 17*z - 35. Let h be v(14). Suppose 6*a + 5 = h*a. Suppose -6*l - 9 = -3*l, 2*k - 145 = -a*l. List the prime factors of k.
2, 5
Suppose p - 1 = -5. Let y = p + 7. Suppose -y*l + 60 = l. List the prime factors of l.
3, 5
Suppose 20*f - 8*f = 4956. List the prime factors of f.
7, 59
Suppose 2*j + 4*a = 3104, -3587 = -5*j - 5*a + 4158. What are the prime factors of j?
2, 773
Let z(x) = 20*x - 4. Let t be z(2). What are the prime factors of (73*2/(-8))/((-9)/t)?
73
Suppose 3*c - 16884 = -4*w + 5*c, 16878 = 4*w - 5*c. What are the prime factors of w?
2, 2111
Suppose -193*w = -187*w - 2094. List the prime factors of w.
349
Let v be -38*(-4)/10*(-150)/(-40). Let c be 0 + 54 + (-1)/1. Suppose 0 = 5*k - c - v. List the prime factors of k.
2, 11
Let g be ((-3)/(-4))/(1/16). Let f be ((-6)/g)/((-2)/28). Suppose 4*a + 81 = f*a. List the prime factors of a.
3
Let q(u) = 350*u - 459. List the prime factors of q(5).
1291
What are the prime factors of -6 - (-9)/9 - (0 - 4492)?
7, 641
What are the prime factors of (-7912)/(-6) + 8*(-3)/(-72)?
1319
Suppose 2*n - 2*u - 6180 = 0, -5*n - 3267 = -u - 18737. What are the prime factors of n?
5, 619
Let n(m) = -m**3 - 9*m**2 + m + 9. Let y be n(-9). Let j be 19 + (y - (-3 - -4)). Suppose j = 7*w - 6*w. What are the prime factors of w?
2, 3
Let j = -1 - -5. Suppose j*z - 235 = -0*c + c, 0 = z + 2*c - 70. What are the prime factors of z?
2, 3, 5
Let h(n) = -n - 8. Let w be h(-10). Suppose 2*g + 3*f - 51 = 230, 4*g - 522 = w*f. Suppose 0 = 2*i - 6*i - 5*a + 90, 4*a + g = 5*i. List the prime factors of i.
5
Let u be 3*(-4)/60*0. Suppose -s + 0*s + 74 = u. List the prime factors of s.
2, 37
What are the prime factors of (5 - 8 - -7) + 730?
2, 367
Let t(y) = y**2 - 6*y - 31. What are the prime factors of t(20)?
3, 83
Let u(l) = 66*l**2 - 78*l - 17. What are the prime factors of u(8)?
3583
Suppose -5*y + 13 = 113. Let x = 30 + y. Suppose z - 66 = -x. List the prime factors of z.
2, 7
Suppose a + 0 = 2*r - 2, -3*r + 3 = -a. Suppose 0 = -c + r + 1. Suppose -c*y = -5*q + 38, 2 = 5*q - 4*y - 34. What are the prime factors of q?
2
Let j = -983 - -1652. List the prime factors of j.
3, 223
Suppose 7*x + 2*x = 234. List the prime factors of x.
2, 13
Let z(o) = 32*o + 38. List the prime factors of z(10).
2, 179
Suppose -9*l + 6880 = -l. Suppose -5*f + l - 130 = 0. What are the prime factors of f?
2, 73
Suppose -477*b - 34541 = -490*b. What are the prime factors of b?
2657
Suppose 0 = -24*z - 16*z + 28360. List the prime factors of z.
709
Suppose -4 = -j - j. Suppose -2*s = j*s - 28. List the prime factors of s.
7
Let m = 179 - -49. What are the prime factors of m?
2, 3, 19
Suppose 5*j - 12858 = -3*s + 3500, j - 5*s - 3266 = 0. List the prime factors of j.
3271
Let h(n) = -90*n**3 + 1. List the prime factors of h(-1).
7, 13
Suppose 32 = 5*k + 3*s, -5*k + 20 + 16 = 4*s. Suppose a = k - 1. Suppose -a*p - 57 = -3*f, 3*p - 8*p - 41 = -2*f. What are the prime factors of f?
2, 3
Let b(k) = 22*k**2 - 19*k - 78. What are the prime factors of b(-5)?
3, 7
Let q(p) = -p**2 - 4*p + 7. Let x be q(6). Let s = x + 79. List the prime factors of s.
2, 13
Suppose 0 = -5*q + 20, -2*x = -6*q + q - 4. Suppose -10*i - 86 = -x*i. What are the prime factors of i?
43
Let z(k) = -k**2 - 11*k - 4. Let x be z(-11). Let h = x + 27. What are the prime factors of h?
23
Let j(r) = 2*r**3 - 11*r**2 - 10*r + 1. What are the prime factors of j(7)?
2, 3, 13
Suppose 61 = 3*p - 5*d - 2, 2*d = -5*p + 74. Let x = p + -13. What are the prime factors of ((-94)/x)/((-2)/3)?
47
Let o = 1254 - 734. List the prime factors of o.
2, 5, 13
Suppose 4*f - 4 = 3*f. Suppose f*y = 5*y - 82. Suppose 2*k = -28 + y. What are the prime factors of k?
3
Let o = 3 + -2. Let r(l) = 5 + l - 3 + 0 + o. What are the prime factors of r(6)?
3
Let q(d) = 0*d + 19 - 38 - 9*d + 16. List the prime factors of q(-16).
3, 47
Suppose -5104 = -7*a + 2911. List the prime factors of a.
5, 229
Suppose 4*c - 25 = -c. Suppose 0 = -b + 2*b - p - 82, b - c*p - 94 = 0. Suppose 2*k - b = -19. What are the prime factors of k?
2, 3, 5
Let f(o) = -o**2 - 7*o - 1. Let m be f(-7). List the prime factors of -1 - (m + -53 + -1).
2, 3
Suppose -4*p = -9*p - 125. Let x = 97 + -51. Let q = x + p. List the prime factors of q.
3, 7
Let m = 17 + -23. Suppose 4*g + 81 = -7. Let x = m - g. List the prime factors of x.
2
Let a(m) = -4 + 3*m - 4 + 2*m**2 + 0. List the prime factors of a(-5).
3
Let h(f) = f**3 - 8*f**2 + 16*f - 28. What are the prime factors of h(16)?
2, 569
Suppose 4*c + 1141 = -4*b + 4321, 3*c - b - 2401 = 0. Suppose 5*a = 2*h + 22 + c, 3*a + 4*h - 503 = 0. List the prime factors of a.
3, 5, 11
Suppose -196*z = -206*z + 29540. What are the prime factors of z?
2, 7, 211
Suppose x = 529 - 21. What are the prime factors of x?
2, 127
What are the prime factors of -4 + (397 - (-8 + 19))?
2, 191
Let g(t) = 6*t**2 - 6*t - 36. List the prime factors of g(19).
2, 3, 7
Let r(j) = 32*j**2 + 20*j - 57. What are the prime factors of r(4)?
5, 107
Let l(v) = -v**3 + 11*v**2 - 11*v + 2. Let g be l(10). Let j(w) = w**3 + 9*w**2 - 2*w - 12. Let d be j(g). List the prim